{"id":5724,"date":"2025-02-27T16:16:47","date_gmt":"2025-02-27T15:16:47","guid":{"rendered":"https:\/\/emuia.gugik.gov.pl\/?page_id=5724"},"modified":"2025-04-09T13:16:59","modified_gmt":"2025-04-09T11:16:59","slug":"deklaracja-dostepnosci","status":"publish","type":"page","link":"https:\/\/emuia.gugik.gov.pl\/?page_id=5724","title":{"rendered":"Deklaracja dost\u0119pno\u015bci"},"content":{"rendered":"\n<h1>Deklaracja dost\u0119pno\u015bci<\/h1>\n\n\n\n<p>G\u0142\u00f3wny Urz\u0105d Geodezji i Kartografii&nbsp;zobowi\u0105zuje si\u0119 zapewni\u0107 dost\u0119pno\u015b\u0107 swojej&nbsp;strony internetowej&nbsp;zgodnie z ustaw\u0105 z dnia 4 kwietnia 2019 r. o dost\u0119pno\u015bci cyfrowej stron internetowych i aplikacji mobilnych podmiot\u00f3w publicznych.<\/p>\n\n\n\n<p>Deklaracja dost\u0119pno\u015bci dotyczy strony&nbsp;<a href=\"http:\/\/emuia.gugik.gov.pl\">EMUiA<\/a><strong>&nbsp;<\/strong><\/p>\n\n\n\n<ul><li>Data publikacji strony internetowej:&nbsp;18 sierpnia 2016 r.<\/li><li>Data ostatniej istotnej aktualizacji:&nbsp;28 lutego 2025 r.<\/li><\/ul>\n\n\n\n<h2>Stan dost\u0119pno\u015bci cyfrowej<\/h2>\n\n\n\n<p id=\"a11y-status\">Ta strona internetowa jest&nbsp;<strong>cz\u0119\u015bciowo zgodna<\/strong>&nbsp;z za\u0142\u0105cznikiem do ustawy o dost\u0119pno\u015bci cyfrowej z dnia 4 kwietnia 2019 r. o dost\u0119pno\u015bci cyfrowej stron internetowych i aplikacji mobilnych podmiot\u00f3w publicznych z powodu niezgodno\u015bci i wy\u0142\u0105cze\u0144 wymienionych poni\u017cej<\/p>\n\n\n\n<h2>Niedost\u0119pne tre\u015bci<\/h2>\n\n\n\n<p>Mog\u0105 zdarzy\u0107 si\u0119 sytuacje, \u017ce pomimo stara\u0144 redaktor\u00f3w serwisu, pewne dokumenty opublikowane na stronie s\u0105 niedost\u0119pne z uwagi na fakt, \u017ce:<\/p>\n\n\n\n<ul><li>pochodz\u0105 z r\u00f3\u017cnych \u017ar\u00f3de\u0142,<\/li><li>opublikowane zosta\u0142y w oparciu o zasady przyj\u0119te w innej instytucji,<\/li><li>opublikowane zosta\u0142y przed wej\u015bciem w \u017cycie ustawy o dost\u0119pno\u015bci cyfrowej.<\/li><\/ul>\n\n\n\n<p>Niekt\u00f3re tre\u015bci zosta\u0142y opublikowane w serwisie z grafikami, kt\u00f3re zawieraj\u0105 tekst, z uwagi na fakt, \u017ce tre\u015b\u0107 na grafice by\u0142a niezb\u0119dna do skutecznej komunikacji danego zagadnienia.<\/p>\n\n\n\n<p>Z uwagi na czasowe ograniczenia systemowe serwisu nie wszystkie elementy tre\u015bci zosta\u0142y oznaczone znacznikiem lang.<\/p>\n\n\n\n<h2>Przygotowanie deklaracji dost\u0119pno\u015bci<\/h2>\n\n\n\n<ul><li>Data sporz\u0105dzenia deklaracji:&nbsp;22 wrze\u015bnia 2020 r.<\/li><li>Data ostatniego przegl\u0105du deklaracji:&nbsp;28 lutego 2025 r.<\/li><\/ul>\n\n\n\n<p>Deklaracj\u0119 sporz\u0105dzili\u015bmy na podstawie samooceny w oparciu o<strong>&nbsp;<a href=\"https:\/\/www.gov.pl\/attachment\/1a3e2bb5-6d60-4897-ac2f-07a8e91e70ed\">List\u0119 kontroln\u0105 do badania dost\u0119pno\u015bci cyfrowej strony internetowej v. 2.2 (docx, 0,12MB)<\/a><\/strong>.<\/p>\n\n\n\n<h2>Skr\u00f3ty klawiszowe<\/h2>\n\n\n\n<p>Na stronie internetowej mo\u017cna korzysta\u0107 ze standardowych skr\u00f3t\u00f3w klawiaturowych.<\/p>\n\n\n\n<h2>Informacje zwrotne i dane kontaktowe<\/h2>\n\n\n\n<p>Wszystkie problemy z dost\u0119pno\u015bci\u0105 cyfrow\u0105 tej strony internetowej mo\u017cesz zg\u0142osi\u0107 do&nbsp;Ma\u0142gorzaty Sypu\u0142y&nbsp;\u2013 mailowo&nbsp;malgorzata.sypula@gugik.gov.pl&nbsp;lub telefonicznie&nbsp;+48 22 563 13 19.<\/p>\n\n\n\n<p>Ka\u017cdy ma prawo wyst\u0105pi\u0107 z \u017c\u0105daniem zapewnienia dost\u0119pno\u015bci cyfrowej tej strony internetowej lub jej element\u00f3w.<\/p>\n\n\n\n<p>Zg\u0142aszaj\u0105c takie \u017c\u0105danie podaj:<\/p>\n\n\n\n<ul><li>swoje imi\u0119 i nazwisko,<\/li><li>swoje dane kontaktowe (np. numer telefonu, e-mail),<\/li><li>dok\u0142adny adres strony internetowej, na kt\u00f3rej jest niedost\u0119pny cyfrowo element lub tre\u015b\u0107,<\/li><li>opis na czym polega problem i jaki spos\u00f3b jego rozwi\u0105zania by\u0142by dla Ciebie najwygodniejszy.<\/li><\/ul>\n\n\n\n<p>Na Twoje zg\u0142oszenie odpowiemy najszybciej jak to mo\u017cliwe, nie p\u00f3\u017aniej ni\u017c w ci\u0105gu 7 dni od jego otrzymania.<\/p>\n\n\n\n<p>Je\u017celi ten termin b\u0119dzie dla nas zbyt kr\u00f3tki poinformujemy Ci\u0119 o tym. W tej informacji podamy nowy termin, do kt\u00f3rego poprawimy zg\u0142oszone przez Ciebie b\u0142\u0119dy lub przygotujemy informacje w alternatywny spos\u00f3b. Ten nowy termin nie b\u0119dzie d\u0142u\u017cszy ni\u017c 2 miesi\u0105ce.<\/p>\n\n\n\n<p>Je\u017celi nie b\u0119dziemy w stanie zapewni\u0107 dost\u0119pno\u015bci cyfrowej strony internetowej lub tre\u015bci, wskazanej w Twoim \u017c\u0105daniu, zaproponujemy Ci dost\u0119p do nich w alternatywny spos\u00f3b.<\/p>\n\n\n\n<h2>Obs\u0142uga wniosk\u00f3w i skarg zwi\u0105zanych z dost\u0119pno\u015bci\u0105<\/h2>\n\n\n\n<p>Je\u017celi w odpowiedzi na Tw\u00f3j wniosek o zapewnienie dost\u0119pno\u015bci cyfrowej, odm\u00f3wimy zapewnienia \u017c\u0105danej przez Ciebie dost\u0119pno\u015bci cyfrowej, a Ty nie zgadzasz si\u0119 z t\u0105 odmow\u0105, masz prawo z\u0142o\u017cy\u0107 skarg\u0119.<\/p>\n\n\n\n<p>Skarg\u0119 masz prawo z\u0142o\u017cy\u0107 tak\u017ce, je\u015bli nie zgadzasz si\u0119 na skorzystanie z alternatywnego sposobu dost\u0119pu, kt\u00f3ry zaproponowali\u015bmy Ci w odpowiedzi na Tw\u00f3j wniosek o zapewnienie dost\u0119pno\u015bci cyfrowej.<\/p>\n\n\n\n<p>Ewentualn\u0105 skarg\u0119 z\u0142\u00f3\u017c listownie lub mailem do kierownictwa G\u0142\u00f3wnego Urz\u0119du Geodezji i Kartografii:<\/p>\n\n\n\n<ul><li>Dyrektor Generalny G\u0142\u00f3wnego Urz\u0119du Geodezji i Kartografii,<\/li><li>Adres: ulica \u017burawia 6\/12, 00-926 Warszawa,<\/li><li>mail: gugik@gugik.gov.pl<\/li><\/ul>\n\n\n\n<p><a href=\"https:\/\/www.gov.pl\/web\/gov\/zloz-wniosek-o-zapewnienie-dostepnosci-cyfrowej-strony-internetowej-lub-aplikacji-mobilnej\"><strong>Pomocne mog\u0105 by\u0107 informacje, kt\u00f3re mo\u017cna znale\u017a\u0107 na rz\u0105dowym portalu gov.pl<\/strong><\/a>.<\/p>\n\n\n\n<p>Mo\u017cesz tak\u017ce poinformowa\u0107 o tej sytuacji&nbsp;<a href=\"https:\/\/bip.brpo.gov.pl\/pl\/content\/interwencje-u-wladz-w-pojedynczych-sprawach\"><strong>Rzecznika Praw Obywatelskich<\/strong><\/a>&nbsp;i&nbsp;poprosi\u0107 o interwencj\u0119 w Twojej sprawie.<\/p>\n\n\n\n<h2>Pozosta\u0142e informacje<\/h2>\n\n\n\n<h3>Dost\u0119pno\u015b\u0107 architektoniczna<\/h3>\n\n\n\n<h4>G\u0142\u00f3wny Urz\u0105d Geodezji i Kartografii &#8211; \u017burawia 6\/12, 00-926 Warszawa<\/h4>\n\n\n\n<p>Siedziba G\u0142\u00f3wnego Urz\u0119du Geodezji i Kartografii od 1 kwietnia 2023 znajduje si\u0119 w Warszawie przy ul. \u017burawiej 6\/12 i jest cz\u0119\u015bciowo dostosowana dla potrzeb os\u00f3b z niepe\u0142nosprawno\u015bciami. Dojazd mo\u017cliwy jest komunikacj\u0105 miejsk\u0105, autobusem 107 oraz tramwajami je\u017cd\u017c\u0105cymi Al. Jerozolimskimi.<\/p>\n\n\n\n<p>Przed budynkiem, w ci\u0105gu ul. \u017burawiej po obu stronach jezdni, znajduj\u0105 si\u0119 parkingi z wydzielonymi i oznakowanymi stanowiskami przeznaczonymi dla samochod\u00f3w os\u00f3b niepe\u0142nosprawnych.<\/p>\n\n\n\n<p>Wej\u015bcie do budynku nie jest dostosowane dla os\u00f3b z niepe\u0142nosprawno\u015bciami, poniewa\u017c nale\u017cy pokona\u0107 kilkustopniowe biegi schodowe. Na II pi\u0119trze znajduje si\u0119 \u0142azienka dostosowana dla potrzeb os\u00f3b z niepe\u0142nosprawno\u015bciami. Budynek jest wyposa\u017cony w wind\u0119, kt\u00f3ra ma przyciski steruj\u0105ce, kt\u00f3re pozwalaj\u0105 na odczyt w alfabecie Braille\u2019a. Do budynku mog\u0105 wej\u015b\u0107 osoby z psem asystuj\u0105cym lub psem przewodnikiem.<\/p>\n\n\n\n<p>Je\u017celi przed wizyt\u0105 zg\u0142osisz, \u017ce potrzebujesz pomocy, pracownik Urz\u0119du spotka si\u0119 z Tob\u0105 przy wej\u015bciu. Pomo\u017ce Ci on porusza\u0107 si\u0119 po budynku. Spotkacie si\u0119 przy recepcji lub wej\u015bciu g\u0142\u00f3wnym (je\u017celi poruszasz si\u0119 na w\u00f3zku). Je\u017celi um\u00f3wi\u0142e\u015b si\u0119 na spotkanie, nasi pracownicy odprowadz\u0105 ci\u0119 na miejsce spotkania.<\/p>\n\n\n\n<p>Budynek G\u0142\u00f3wnego Urz\u0119du Geodezji i Kartografii znajduj\u0105cy si\u0119 w Warszawie przy ul. Jana Olbrachta 94B, zosta\u0142 przystosowany do u\u017cytkowania przez osoby z niepe\u0142nosprawno\u015bciami poprzez:<\/p>\n\n\n\n<ul><li>stosowne oznakowanie,<\/li><li>likwidacj\u0119 barier architektonicznych,<\/li><li>likwidacj\u0119 barier komunikacyjnych,<\/li><li>umo\u017cliwienie dost\u0119pu do pomieszcze\u0144 urz\u0119du dla os\u00f3b z niepe\u0142nosprawno\u015bci\u0105,<\/li><li>zastosowanie ergonomicznych rozwi\u0105za\u0144.<\/li><\/ul>\n\n\n\n<h3>Dost\u0119pno\u015b\u0107 komunikacyjno-informacyjna<\/h3>\n\n\n\n<p>Je\u015bli potrzebujesz skorzysta\u0107 z pomocy t\u0142umacza j\u0119zyka migowego, wy\u015blij e-mail na adres: gugik@gugik.gov.pl. Przeka\u017c go najp\u00f3\u017aniej na 3 dni robocze przed planowan\u0105 wizyt\u0105.<\/p>\n\n\n\n<p>W naszym Urz\u0119dzie w kancelarii g\u0142\u00f3wnej znajduje si\u0119 przeno\u015bne urz\u0105dzenie p\u0119tli indukcyjnej.<\/p>\n\n\n\n<p><\/p>\n\n\n\n<h3><strong>Dost\u0119pno\u015b\u0107 komunikacyjno-informacyjna<\/strong><\/h3>\n\n\n\n<p>Raport z samooceny dost\u0119pno\u015bci cyfrowej serwisu jest dost\u0119pny na stronie: <a rel=\"noreferrer noopener\" href=\"https:\/\/emuia.gugik.gov.pl\/?page_id=5799\" target=\"_blank\">Raport z samooceny dost\u0119pno\u015bci cyfrowej<\/a><\/p>\n","protected":false},"excerpt":{"rendered":"<p>Deklaracja dost\u0119pno\u015bci G\u0142\u00f3wny Urz\u0105d Geodezji i Kartografii&nbsp;zobowi\u0105zuje si\u0119 zapewni\u0107 dost\u0119pno\u015b\u0107 swojej&nbsp;strony internetowej&nbsp;zgodnie z ustaw\u0105 z dnia 4 kwietnia 2019 r. o dost\u0119pno\u015bci cyfrowej stron internetowych i aplikacji mobilnych podmiot\u00f3w publicznych. Deklaracja dost\u0119pno\u015bci dotyczy strony&nbsp;EMUiA&nbsp; Data publikacji strony internetowej:&nbsp;18 sierpnia 2016 r.Data ostatniej istotnej aktualizacji:&nbsp;28 lutego 2025 r. Stan dost\u0119pno\u015bci cyfrowej Ta strona internetowa jest&nbsp;cz\u0119\u015bciowo zgodna&nbsp;z&hellip; <a class=\"continue\" href=\"https:\/\/emuia.gugik.gov.pl\/?page_id=5724\">Continue Reading<span> Deklaracja dost\u0119pno\u015bci<\/span><\/a><\/p>\n","protected":false},"author":16,"featured_media":0,"parent":0,"menu_order":0,"comment_status":"closed","ping_status":"closed","template":"","meta":[],"_links":{"self":[{"href":"https:\/\/emuia.gugik.gov.pl\/index.php?rest_route=\/wp\/v2\/pages\/5724"}],"collection":[{"href":"https:\/\/emuia.gugik.gov.pl\/index.php?rest_route=\/wp\/v2\/pages"}],"about":[{"href":"https:\/\/emuia.gugik.gov.pl\/index.php?rest_route=\/wp\/v2\/types\/page"}],"author":[{"embeddable":true,"href":"https:\/\/emuia.gugik.gov.pl\/index.php?rest_route=\/wp\/v2\/users\/16"}],"replies":[{"embeddable":true,"href":"https:\/\/emuia.gugik.gov.pl\/index.php?rest_route=%2Fwp%2Fv2%2Fcomments&post=5724"}],"version-history":[{"count":7,"href":"https:\/\/emuia.gugik.gov.pl\/index.php?rest_route=\/wp\/v2\/pages\/5724\/revisions"}],"predecessor-version":[{"id":5817,"href":"https:\/\/emuia.gugik.gov.pl\/index.php?rest_route=\/wp\/v2\/pages\/5724\/revisions\/5817"}],"wp:attachment":[{"href":"https:\/\/emuia.gugik.gov.pl\/index.php?rest_route=%2Fwp%2Fv2%2Fmedia&parent=5724"}],"curies":[{"name":"wp","href":"https:\/\/api.w.org\/{rel}","templated":true}]}}