{"id":3507,"date":"2018-05-29T12:40:54","date_gmt":"2018-05-29T10:40:54","guid":{"rendered":"https:\/\/emuia.gugik.gov.pl\/?page_id=3507"},"modified":"2018-05-29T12:42:24","modified_gmt":"2018-05-29T10:42:24","slug":"ochrona-danych-osobowych","status":"publish","type":"page","link":"https:\/\/emuia.gugik.gov.pl\/?page_id=3507","title":{"rendered":"Ochrona danych osobowych"},"content":{"rendered":"<p>W poni\u017cszych linkach zamieszczone zosta\u0142y informacje wynikaj\u0105ce z przepis\u00f3w Rozporz\u0105dzenia Parlamentu Europejskiego i Rady (UE) 2016\/679 z dnia 27 kwietnia 2016 r. w sprawie ochrony os\u00f3b fizycznych w zwi\u0105zku z przetwarzaniem danych osobowych i w sprawie swobodnego przep\u0142ywu takich danych oraz uchylenia dyrektywy 95\/46\/WE w zakresie zbior\u00f3w danych osobowych, kt\u00f3rych G\u0142\u00f3wny Geodeta jest administratorem.<br \/><br \/><a href=\"https:\/\/emuia.gugik.gov.pl\/?page_id=3513\" target=\"_blank\" rel=\"noopener\">Dane u\u017cytkownik\u00f3w aplikacji do prowadzenia Ewidencji Miejscowo\u015bci Ulic i Adres\u00f3w<\/a><\/p><p><a href=\"https:\/\/emuia.gugik.gov.pl\/?page_id=3523\" target=\"_blank\" rel=\"noopener\">Uczestnicy szkole\u0144 z zakresu aplikacji do prowadzenia Ewidencji Miejscowo\u015bci, Ulic i Adres\u00f3w<\/a><\/p><p><a href=\"https:\/\/emuia.gugik.gov.pl\/?page_id=3532\" target=\"_blank\" rel=\"noopener\">Seminaria promocja &#8211; Teryt 3<\/a><\/p><p><a href=\"https:\/\/emuia.gugik.gov.pl\/?page_id=3547\" target=\"_blank\" rel=\"noopener\">Wsparcie Gmin &#8211; Teryt 3<\/a><\/p><p><a href=\"https:\/\/emuia.gugik.gov.pl\/?page_id=3554\" target=\"_blank\" rel=\"noopener\">Dane u\u017cytkownik\u00f3w Modu\u0142u SDI<\/a><\/p><p><a href=\"https:\/\/emuia.gugik.gov.pl\/?page_id=3557\" target=\"_blank\" rel=\"noopener\">Sprawozdanie GUGiK-6.0<\/a><\/p><p><br \/><br \/><a href=\"https:\/\/emuia.gugik.gov.pl\/?page_id=3513\" target=\"_blank\" rel=\"noopener\"><\/a><strong><\/strong><\/p><div id=\"selenium-highlight\"><\/div><div id=\"selenium-highlight\"><\/div><div id=\"selenium-highlight\"><\/div><div id=\"selenium-highlight\"><\/div><div id=\"selenium-highlight\"><\/div><div id=\"selenium-highlight\"><\/div><div id=\"selenium-highlight\"><\/div><div id=\"selenium-highlight\"><\/div><div id=\"selenium-highlight\"><\/div>","protected":false},"excerpt":{"rendered":"<p>W poni\u017cszych linkach zamieszczone zosta\u0142y informacje wynikaj\u0105ce z przepis\u00f3w Rozporz\u0105dzenia Parlamentu Europejskiego i Rady (UE) 2016\/679 z dnia 27 kwietnia 2016 r. w sprawie ochrony os\u00f3b fizycznych w zwi\u0105zku z przetwarzaniem danych osobowych i w sprawie swobodnego przep\u0142ywu takich danych oraz uchylenia dyrektywy 95\/46\/WE w zakresie zbior\u00f3w danych osobowych, kt\u00f3rych G\u0142\u00f3wny Geodeta jest administratorem.Dane u\u017cytkownik\u00f3w&hellip; <a class=\"continue\" href=\"https:\/\/emuia.gugik.gov.pl\/?page_id=3507\">Continue Reading<span> Ochrona danych osobowych<\/span><\/a><\/p>\n","protected":false},"author":13,"featured_media":0,"parent":0,"menu_order":0,"comment_status":"closed","ping_status":"closed","template":"","meta":[],"_links":{"self":[{"href":"https:\/\/emuia.gugik.gov.pl\/index.php?rest_route=\/wp\/v2\/pages\/3507"}],"collection":[{"href":"https:\/\/emuia.gugik.gov.pl\/index.php?rest_route=\/wp\/v2\/pages"}],"about":[{"href":"https:\/\/emuia.gugik.gov.pl\/index.php?rest_route=\/wp\/v2\/types\/page"}],"author":[{"embeddable":true,"href":"https:\/\/emuia.gugik.gov.pl\/index.php?rest_route=\/wp\/v2\/users\/13"}],"replies":[{"embeddable":true,"href":"https:\/\/emuia.gugik.gov.pl\/index.php?rest_route=%2Fwp%2Fv2%2Fcomments&post=3507"}],"version-history":[{"count":18,"href":"https:\/\/emuia.gugik.gov.pl\/index.php?rest_route=\/wp\/v2\/pages\/3507\/revisions"}],"predecessor-version":[{"id":3569,"href":"https:\/\/emuia.gugik.gov.pl\/index.php?rest_route=\/wp\/v2\/pages\/3507\/revisions\/3569"}],"wp:attachment":[{"href":"https:\/\/emuia.gugik.gov.pl\/index.php?rest_route=%2Fwp%2Fv2%2Fmedia&parent=3507"}],"curies":[{"name":"wp","href":"https:\/\/api.w.org\/{rel}","templated":true}]}}